divisor of s and j.
13
Let k(f) = -2*f - 5. Let w be k(-6). Let n = -76 - -139. Calculate the greatest common factor of n and w.
7
Let f(o) = o**3 + 7*o**2 + 5*o - 4. Let y be f(-5). Let z be 2/11 + -92*5/(-11). Calculate the greatest common factor of z and y.
21
Let w(u) = u**3 - 6*u**2 + u + 10. Let l be w(3). Let z = l - -89. What is the greatest common divisor of 50 and z?
25
Let m(k) = -252*k**3 + k - 2. Let p be m(1). Let b = 373 + p. What is the highest common factor of b and 15?
15
Suppose 5*d + 5*l + 0*l = 7275, 2 = -2*l. Calculate the highest common divisor of d and 42.
14
Suppose 5*y = 7*y - 5*m - 390, 990 = 5*y - 5*m. What is the greatest common factor of 16 and y?
8
Let z be 0 + -2 + 83/1. Let g be z/(-15)*10/(-3). What is the highest common divisor of 12 and g?
6
Suppose -3*t - 1861 = -2101. Let x be (-4)/(-18) + 142/9. What is the greatest common factor of t and x?
16
Suppose -2*o + 97 + 23 = 0. Let w(r) = -r**2 - 34*r + 15. Let u be w(-34). What is the greatest common divisor of o and u?
15
Let z be 6/(-15) + 64/10. Suppose 5*a = t - z - 2, 5*t - 19 = 4*a. Let g be (-5 - t)*(-6)/4. Calculate the highest common divisor of 48 and g.
12
Let l = -28 - -48. Suppose 6*d - 4*d = 42. Let j = d + -16. Calculate the highest common divisor of l and j.
5
Let r be (3 - 2) + 28/2. Let a(k) = k**2 - 37*k + 325. Let f be a(12). What is the greatest common divisor of f and r?
5
Let y be 10*(-2)/(12/(-18)). What is the highest common factor of y and 24?
6
Let b be (-12*(-16)/(-84))/((-8)/28). What is the greatest common factor of 106 and b?
2
Let k be (-4)/10 + (-228)/(-20). What is the greatest common factor of k and 88?
11
Suppose 32*j + 451 = 2499. Calculate the highest common divisor of 24 and j.
8
Let z be (-66)/(-4) + 1/2. Let k = z - -20. Calculate the highest common factor of 259 and k.
37
Let y be ((-12)/(-9)*44)/(8/24). Calculate the highest common factor of 48 and y.
16
Let k = -172 - -200. What is the highest common factor of k and 14?
14
Let l = 38 - 31. Suppose 12*k - l*k - 15 = 0. What is the greatest common factor of 24 and k?
3
Let y(j) = 35*j - 7. Let n be y(2). Calculate the greatest common divisor of n and 72.
9
Let q be (-93)/(-9) - (-2)/3. Let g(o) = -o**2 - 11*o - 10. Let r be g(-7). Let t = r - 7. What is the highest common divisor of q and t?
11
Suppose -g = 4*g - 15. Suppose -43 = -3*o - f, 2*f - 69 = -5*o + 4. Let a = 14 + o. Calculate the highest common factor of a and g.
3
Suppose -2*s + 283 = t, -3*t + 289 = -0*s + 2*s. Let v be (160/28)/(2 - 84/49)*1. Calculate the greatest common factor of s and v.
20
Suppose 0*p = 3*p - 51. Suppose 1444 - 424 = 15*z. What is the greatest common divisor of z and p?
17
Let l be ((-1)/4 - (-468)/16)/1. Suppose 0 = 26*f - l*f + 27. Let p = 16 + 56. Calculate the greatest common divisor of p and f.
9
Let k = 351 - 260. Calculate the highest common divisor of k and 2093.
91
Suppose -5280 = -7*s - 1157. Calculate the greatest common factor of s and 19.
19
Let m be 172/(-16)*-4 + 1. Suppose -5*z = -4*u - m, 3*u - 48 = -0*z - 3*z. Calculate the highest common factor of z and 8.
4
Let r = 210 + -190. Calculate the highest common factor of 6 and r.
2
Let z(q) = q**2 + 29*q - 57. Let o be z(-21). Let m = 321 + o. What is the greatest common factor of 24 and m?
24
Let b = 43 + -22. Suppose -8*i = -20*i + 300. Suppose -5*g = -3*k - i - 90, g - k = b. Calculate the highest common factor of g and 65.
13
Let b = 55 - 32. Let i = 24 - b. What is the greatest common factor of i and 1?
1
Let h be 18/5 + (-38)/(-95). Calculate the greatest common divisor of 356 and h.
4
Let r be 10*6/210 - (-1468)/7. What is the greatest common factor of r and 910?
70
Let i be ((-16)/20)/(4/(-600)). Suppose -7*w + 3*w + i = 0. Let g be (-52)/10*w/(-12). What is the highest common factor of 91 and g?
13
Let y = 125 + -73. Let s = -2405 - -2418. Calculate the greatest common divisor of s and y.
13
Suppose -2*v + 11 = -7. Suppose 3*q - 4*t + 7*t - v = 0, 0 = -4*q - t + 27. What is the greatest common divisor of 40 and q?
8
Let g = -8 - -10. Suppose -11 - 3 = g*i. Let z be (3 + 0)*-2*i. What is the greatest common factor of 6 and z?
6
Suppose -3*o = -8*o + 30. Suppose 5*v + i + 17 = 0, 4*v + 4 = 5*i + 2. Let w = o + v. Calculate the highest common divisor of w and 3.
3
Suppose -344 = -214*b + 206*b. Calculate the greatest common divisor of b and 215.
43
Suppose -2*a + 12 = -380. Calculate the greatest common factor of 476 and a.
28
Let k(q) = -q**2 + 26*q - 44. Let i be k(24). Calculate the highest common factor of i and 18.
2
Let u(y) = 21*y + 14. Suppose 0 = -2*j - 3*p + 7, -5*j + p + 8 = -p. Let x be u(j). What is the highest common divisor of x and 28?
28
Let l(d) = -d**3 - 15*d**2 - 36*d - 4. Let g be l(-13). Let p = g + -115. Let m(u) = 6*u + 4. Let f be m(3). Calculate the greatest common factor of p and f.
11
Let i be (4/(-6))/(5/(-165)). What is the greatest common factor of 286 and i?
22
Let n = 287 + -222. Calculate the greatest common factor of n and 234.
13
Let c be 40/6*(-45)/(-30). Let o(f) = -2*f**2 - 19*f + 11. Let j be o(-9). Calculate the highest common factor of c and j.
10
Let o be (-12)/(4 - (-12)/(-2)). Suppose -5*c + 2*n = -5, 2*c - 7 = n - o. What is the highest common factor of c and 33?
3
Suppose 132 = -3*b + 363. Let c = b + -44. What is the greatest common divisor of 44 and c?
11
Let f(q) = -q**2 - 39*q - 34. Let c be f(-13). What is the greatest common factor of c and 38?
38
Suppose 102*c + 240 = 106*c. Calculate the highest common factor of c and 20.
20
Suppose -2*n - 556 = -2*d - 2*d, -2*d + 4*n = -272. What is the highest common divisor of 35 and d?
35
Let d = 691 - 71. What is the highest common factor of 62 and d?
62
Suppose 33*g - 37*g - 3*t = -235, 4*g = t + 215. What is the highest common divisor of 15 and g?
5
Let t be (1/(-3))/((-2)/66). Suppose -4 = 3*p - 3*z - 1, 4*p + 4 = -3*z. Let c = p - -122. What is the highest common divisor of t and c?
11
Suppose -w = -3*q + 3, 21 = w + 2*q + q. Let n = 7 - w. Let x be (-155)/(-10) - n/(-4). Calculate the greatest common divisor of 60 and x.
15
Let w = -5 - -10. Suppose -w*n + 16 = -104. Suppose -4*d = 4*j - n, 3*d + 4*j - 4 = 4*d. Calculate the highest common factor of d and 12.
4
Let r(g) = -g**2 + 24*g + 67. Let f be r(26). What is the greatest common factor of f and 195?
15
Suppose -5*f + 60 = 2*x, -7*x + 150 = -2*x - 2*f. Let i = -16 + 106. What is the highest common factor of x and i?
30
Suppose -34 = -5*o - 4*m + 401, 3*m = -15. Let j = -59 + 85. What is the highest common factor of o and j?
13
Let q = 87 - 59. Suppose -y + 4*y = -3*r + 78, -4*y = 5*r - 132. Calculate the highest common divisor of r and q.
28
Let s(c) = -3*c + 13. Let p be s(3). Let w = -233 + 235. What is the highest common factor of w and p?
2
Let l(y) = -y + 41. Let r be l(-25). What is the highest common factor of r and 6?
6
Suppose 3*x + 62 = 2. Let c = -8 - x. Let z = 15 - c. What is the greatest common divisor of 15 and z?
3
Suppose -2 = -p + 1. Suppose 5*z = 5*b + 880, z - p*b + 528 = 4*z. Let k be 660/(-40)*(-12)/9. What is the greatest common divisor of z and k?
22
Let k = 981 + -960. Let i(g) = 2*g**2 - 4. Let m be i(-3). Calculate the highest common factor of k and m.
7
Let j(y) = 12*y**2 - 10*y + 2. Let c be j(-1). What is the greatest common divisor of 312 and c?
24
Suppose -2*k + 157 - 27 = 5*j, -3*j = 3*k - 69. Let s(h) = 7*h**2 + 3*h - 10. Let z be s(-6). Calculate the highest common factor of j and z.
28
Let x be -4 + (-3 - (-8 + -1) - -5). Let s(d) = -d - 4. Let a be s(-4). Suppose 2*v - 3 - 11 = a. Calculate the highest common divisor of v and x.
7
Suppose 2 = -s, 0 = q + 5*s + 2. Suppose -2*b = -0*b - q. Calculate the highest common divisor of 32 and b.
4
Let n = -28 + 53. Let w(g) = 2*g**2 + 153*g + 1466. Let i be w(-11). What is the greatest common divisor of n and i?
25
Suppose -5*s + 2*y + 2*y = -50, -s + 10 = -2*y. Suppose -d = 3*k - s, 5*d = d + 2*k - 2. What is the highest common divisor of 4 and d?
1
Let m(u) = -u**2 + 27*u - 42. Let p be m(7). Calculate the highest common divisor of p and 833.
49
Let a = -2 + 17. Let p be (-1)/(-3)*2*a. Suppose 65 = 5*l + p. Calculate the highest common factor of 22 and l.
11
Let h = 417 + -336. Su